r when 29 is divided by j(m)?
9
Let o = 4 - -1. Suppose 9*g = 13*g + 112. Calculate the remainder when g/(-1) + (-1 - -1) - 1 is divided by o.
2
Suppose 145 = 3*x + r, -2*x - 68*r = -65*r - 113. Calculate the remainder when 2424 is divided by x.
32
Suppose 3*i + 36*g = 33*g + 1788, -5*i + 3022 = -g. What is the remainder when i is divided by 593?
10
Calculate the remainder when 108 is divided by 1*(42 + 10) - 13.
30
Suppose -11*c - 20 = 46. Let z be (36/24)/(c/4 - -2). Suppose 0*x - z*m - 39 = -3*x, 4*x - 5*m = 56. Calculate the remainder when 79 is divided by x.
7
Let q be (21/(-6))/((-5)/(-110)). Let r be 2*2/((-4)/154). Let g = q - r. What is the remainder when g is divided by 26?
25
Let b(l) = 12*l**2 - 20*l - 21. Let h = 130 + -332. Let q = -141 - h. What is the remainder when q is divided by b(-1)?
6
Suppose 4*w = h - 345, 4*h - 3*h - 346 = 3*w. Calculate the remainder when h is divided by 75.
49
Let u(z) = -16*z**3 - 8*z**2 - 18*z + 6. What is the remainder when u(-6) is divided by 19?
14
Suppose f = 4*v - 443, v + 5*f - 113 = 6*f. Calculate the remainder when v is divided by 55.
0
Let x(d) = -d**3 - 15*d**2 - 52*d - 124. Calculate the remainder when x(-15) is divided by 66.
62
Let l(v) = 2*v**2 - 6*v + 2. Let c be l(4). Suppose 0 = 126*k - 127*k + 194. What is the remainder when k is divided by (-4)/5 + 498/c?
47
Let b = 158 - 44. Let d = 773 + -741. Calculate the remainder when b is divided by d.
18
Let b(g) = -9*g + 188. Suppose -4*c - 182 = -2*y, -20*y + 3*c + 374 = -16*y. What is the remainder when y is divided by b(19)?
10
Let q = -41 - -87. Let i = 94 - q. Suppose 4*x - 20 = i. Calculate the remainder when x is divided by 6.
5
Suppose 4 = 3*a - 8, -a = -c + 204. Calculate the remainder when c is divided by 60.
28
Let s(f) = -21*f**2 - 503*f + 48. Calculate the remainder when 424 is divided by s(-24).
16
Let i = -28 + 29. Suppose 0 = 4*t - 11 - i. Let p(q) = q**2 + 8. What is the remainder when p(-4) is divided by t?
0
Suppose -z = -h + 4, -4*z = -4 - 8. Suppose -h*q - 10 = -9*q. Let g(p) = -2*p**3 + 11*p**2 - p + 7. Calculate the remainder when g(q) is divided by 7.
6
Let u(q) be the first derivative of q**4/4 - 7*q**3/3 - 3*q**2 - 11*q + 2. Calculate the remainder when (3 - 7)/((-2)/7) is divided by u(8).
4
Let u(r) = 22*r**2 + r**3 - 947 + 1004 - 15*r - 6*r**2. What is the remainder when 79 is divided by u(-17)?
10
Suppose -15*u + 11 = -4. Let o be ((-24)/(-16) - 6)/(u/(-2)). What is the remainder when 105 is divided by 12/14*o/(-6)*-14?
15
Calculate the remainder when -1*(-39)/(-26)*-188 is divided by 65.
22
Let f = 40 - 48. Let q(h) = h**2 + 2*h - 20. Calculate the remainder when 102 is divided by q(f).
18
Suppose 22*f - 31 = -m + 18*f, 3*m - 2*f = 79. Suppose -z + 21 = 5*q, -2*z - 39 = -3*z + q. Calculate the remainder when z is divided by m.
9
Let u = -8 + 9. Suppose -u = -0*n - n, 5 = q - 5*n. What is the remainder when 35 is divided by q?
5
Suppose 0 = 3*u - 4*w - 1142, -u + w = -4*u + 1117. Let s = u + -357. Calculate the remainder when 31 is divided by s.
14
Suppose -5*u = -c + 68, -3*c - u = -0*c - 252. Suppose -2*y + c = 5*p, -2*p + 29 = p - 4*y. Calculate the remainder when 87 is divided by p.
12
Let y = -375 + 387. Suppose 3*t - y = 0, 204 = 13*m - 9*m + t. Calculate the remainder when m is divided by 43.
7
What is the remainder when ((-1)/2)/(((-24)/2484)/(192/9)) is divided by 183?
6
Suppose -3*j + 5*a = 11, -a = -4*j - 12 + 3. Suppose -15*i - 17*i - 5*i = -2553. What is the remainder when i is divided by 2/(-4) + (-17)/j?
5
Let z be (10314/(-81))/(2/6). Let j = 416 + z. What is the remainder when j is divided by 14?
6
Let l(p) = -3*p + 512. Let q be l(6). Let m = 508 - q. Let u(k) = k**3 - 4*k**2 - 8*k - 5. Calculate the remainder when u(6) is divided by m.
5
Let a = 75632 + -75415. Let z = -256 - -368. What is the remainder when a is divided by z?
105
Let k(t) = 4*t**2 + 9*t + 11. Let l(x) = -3*x**2 - 7*x - 10. Let m(a) = 5*k(a) + 6*l(a). What is the remainder when 357 is divided by m(5)?
57
Let x(v) = 20*v + 44. Let k be x(16). Let r = k - 361. What is the remainder when 61 is divided by r?
1
Suppose -4*w - 5022*u + 13108 = -5017*u, 5*w - 16303 = 4*u. What is the remainder when w is divided by 1089?
0
Let i = 4944 - 4913. What is the remainder when 1019 is divided by i?
27
Calculate the remainder when (-48652)/(-14) + (-60)/210 + (-2)/(-14) is divided by 47.
44
Suppose 8*u + u = 0. Suppose -4*x - a + 59 = -8, -5*x - a + 85 = u. What is the remainder when 101 is divided by x?
11
Suppose 0 = -124*d + 61546 + 100026. What is the remainder when d is divided by 45?
43
Suppose 0 = -304*d + 2948 - 212. Suppose 0*h + 237 = 3*h. What is the remainder when h is divided by d?
7
Let u(p) = -p**2 - 3*p - 24. Let q(w) = w - 7. Let h be q(7). Let z be u(h). Let n = z + 34. Calculate the remainder when 29 is divided by n.
9
Suppose -4*r + 26 = 3*y - 0*r, -y + r = 3. Suppose 16 = 2*v + z, v - 38 = -4*v - y*z. Calculate the remainder when (6/4)/((-2)/(-12)) is divided by v.
3
Let s = -107 - -114. Suppose o - s - 3 = 0. What is the remainder when 20 is divided by o?
0
Let i(n) = 4*n**2 - 5*n - 2. Let j = 158 - 135. Calculate the remainder when i(4) is divided by j.
19
What is the remainder when (-10 - -29 - 23) + 3986 is divided by 24?
22
Suppose 20*d - 22*d + 88 = 0. Suppose 2*w + 3*l = 31, 0 = -5*w + 4*l - 1 + d. Calculate the remainder when 636 is divided by w.
9
Let o = -79 - -82. Suppose o*l = -2*p - 3*p + 68, l = p - 20. Let u = -23 - -53. What is the remainder when u is divided by p?
14
Suppose 0 = 5*a + i - 26, 2*a + 3 + 1 = -4*i. Let u(q) = -q**2 - 1798*q + 23551. What is the remainder when u(13) is divided by a?
2
Suppose 18*m - 502 = -2*m + 1558. Let u be 10/(-55) - 856/11. Let p = u + m. What is the remainder when p is divided by 3?
1
Let i(s) = -s**3 + 29*s**2 - s + 12. Let a be i(29). Calculate the remainder when (a/3)/((-7)/(-1386)*-6) is divided by 27.
25
Let y(v) = -v**3 + 8*v**2 - 7*v + 4. Let d be y(7). Suppose -216 = -8*l - d*l. Calculate the remainder when (0 - 7/4)*-40 is divided by l.
16
Suppose -2*s + 565 = t, 1976*s - 2206 = -4*t + 1974*s. Calculate the remainder when t is divided by 24.
19
Let m(t) be the first derivative of -t**4/4 - 7*t**3/3 + 41*t**2/2 - 19*t - 3. What is the remainder when 31 is divided by m(-11)?
3
Let w be (-45)/(-18) + (-10)/4 + 2. Suppose t - 2*x - 186 = w*x, -t + 146 = 4*x. Calculate the remainder when t is divided by 43.
37
Suppose -4*s = -5*o - 34, 2*s + o - 2 = -4*o. Suppose -5*y + s = -7*y. What is the remainder when 41 is divided by (-8)/(-1) + y + 2?
6
Suppose -3136 = -25*r - 3*r. Suppose -12*w - 5*a = -13*w + 60, 2*w - 2*a = r. What is the remainder when w is divided by 12?
7
Suppose 4076 = 468*c - 2105 - 839. What is the remainder when 111 is divided by c?
6
Suppose -4*m - d + 3 = -13, -2*m = 12*d + 84. Suppose -4*l = -10 - 14. Calculate the remainder when m is divided by l.
0
Suppose -5*k + 3*c + 123 = 0, 5*k - 2*k + 5*c = 67. Calculate the remainder when (6 + 99/(-22))/((-3)/(-248)) is divided by k.
4
Suppose 0 = -6*w - 236 + 560. Let n be 9/((-135)/(-24))*5. Suppose n*x - x = 133. Calculate the remainder when w is divided by x.
16
Suppose 2406 = 3*g - 4*a, 0 = 3*g - 3*a - 1303 - 1106. Calculate the remainder when g is divided by 226.
128
Suppose -4*h = 5*f - 165, 2*h + 4*f = 10 + 74. Calculate the remainder when 394 is divided by h.
34
Suppose 4*b + 43 - 1255 = -2*c, 0 = -4*b + 2*c + 1204. What is the remainder when b is divided by 4?
2
Suppose 5*t - 2*g = -137 - 163, 0 = 4*g. What is the remainder when 60 is divided by 74/5 - t/50?
12
Let n(r) = -6*r + 149. Let x be n(21). What is the remainder when 69/x*(-190)/(-6) is divided by 25?
20
Let f = 921 - 848. Let h(c) = c**3 - 10*c**2 + 4*c - 3. What is the remainder when f is divided by h(10)?
36
Let u be (-3 - -1) + 10 + 0. Suppose 856*r - 2*t - 170 = 855*r, -4*r = -5*t - 671. Let k = r - u. Calculate the remainder when k is divided by 32.
28
Let c = -142 + 310. Let a = -58733 + 58767. Calculate the remainder when c is divided by a.
32
Let j = 29 + -72. Let p(k) = 3*k + 44. Let y be p(-26). Let v = y - j. What is the remainder when v is divided by 6?
3
Let k = -38 - -43. Suppose -k*y + 174 = -386. Let f = -82 + 10